{"id":33,"date":"2019-03-07T22:41:54","date_gmt":"2019-03-07T22:41:54","guid":{"rendered":"http:\/\/schule-plus.org\/?page_id=33"},"modified":"2023-05-14T08:21:22","modified_gmt":"2023-05-14T08:21:22","slug":"team","status":"publish","type":"page","link":"https:\/\/schule-plus.org\/","title":{"rendered":"\u00dcber uns"},"content":{"rendered":"\n<p class=\"has-medium-font-size\"><strong>P\u00e4dagogisches Konzept von \u201eClara plus\u201c<\/strong><\/p>\n\n\n\n<p class=\"has-medium-font-size\"><br>Selbstst\u00e4ndigkeit, die F\u00e4higkeit zur Selbsteinsch\u00e4tzung und Eigenverantwortung werden auch im Schulalltag immer wichtiger. Vor diesem Hintergrund und im Einklang mit dem p\u00e4dagogischen Rahmenkonzept der Schule sollen die Hausaufgaben-, Spiel- und Erfahrungsm\u00f6glichkeiten des Nachmittagsangebots von den Kindern zunehmend selbstbestimmt und ihrer jeweiligen Entwicklung und Neigung entsprechend genutzt werden k\u00f6nnen. Innerhalb vorgegebener Rahmenbedingungen werden die Entwicklungsprozesse Ihrer Kinder individuell ber\u00fccksichtigt.<\/p>\n\n\n\n<p class=\"has-medium-font-size\">Die Betreuung findet in der Regel an allen Unterrichtstagen montags bis freitags nach Unterrichtsende bis 16:00 Uhr statt.<\/p>\n\n\n\n<p class=\"has-medium-font-size\">Parallel zu der Hausaufgabenbetreuung besteht ein offenes AG-Angebot:<\/p>\n\n\n\n<p class=\"has-medium-font-size\">Die Kunst- , Skate-, N\u00e4h-, Garten AG sowie die Sch\u00fclerbibliothek.                                                                                                                  Zudem gibt es mehrmals w\u00f6chentlich ein freies Spielangebot in der Turnhalle.<\/p>\n\n\n\n<p><\/p>\n\n\n\n<p class=\"has-medium-font-size\"><br><\/p>\n","protected":false},"excerpt":{"rendered":"<p>P\u00e4dagogisches Konzept von \u201eClara plus\u201c Selbstst\u00e4ndigkeit, die F\u00e4higkeit zur Selbsteinsch\u00e4tzung und Eigenverantwortung werden auch im Schulalltag immer wichtiger. Vor diesem Hintergrund und im Einklang mit dem p\u00e4dagogischen Rahmenkonzept der Schule sollen die Hausaufgaben-, Spiel- und Erfahrungsm\u00f6glichkeiten des Nachmittagsangebots von den Kindern zunehmend selbstbestimmt und ihrer jeweiligen Entwicklung und Neigung entsprechend genutzt werden k\u00f6nnen. Innerhalb vorgegebener [&hellip;]<\/p>\n","protected":false},"author":1,"featured_media":365,"parent":0,"menu_order":0,"comment_status":"closed","ping_status":"closed","template":"","meta":{"footnotes":""},"class_list":["post-33","page","type-page","status-publish","has-post-thumbnail","hentry"],"_links":{"self":[{"href":"https:\/\/schule-plus.org\/index.php?rest_route=\/wp\/v2\/pages\/33","targetHints":{"allow":["GET"]}}],"collection":[{"href":"https:\/\/schule-plus.org\/index.php?rest_route=\/wp\/v2\/pages"}],"about":[{"href":"https:\/\/schule-plus.org\/index.php?rest_route=\/wp\/v2\/types\/page"}],"author":[{"embeddable":true,"href":"https:\/\/schule-plus.org\/index.php?rest_route=\/wp\/v2\/users\/1"}],"replies":[{"embeddable":true,"href":"https:\/\/schule-plus.org\/index.php?rest_route=%2Fwp%2Fv2%2Fcomments&post=33"}],"version-history":[{"count":16,"href":"https:\/\/schule-plus.org\/index.php?rest_route=\/wp\/v2\/pages\/33\/revisions"}],"predecessor-version":[{"id":257,"href":"https:\/\/schule-plus.org\/index.php?rest_route=\/wp\/v2\/pages\/33\/revisions\/257"}],"wp:featuredmedia":[{"embeddable":true,"href":"https:\/\/schule-plus.org\/index.php?rest_route=\/wp\/v2\/media\/365"}],"wp:attachment":[{"href":"https:\/\/schule-plus.org\/index.php?rest_route=%2Fwp%2Fv2%2Fmedia&parent=33"}],"curies":[{"name":"wp","href":"https:\/\/api.w.org\/{rel}","templated":true}]}}